{"id":3271,"date":"2022-03-16T19:29:48","date_gmt":"2022-03-16T19:29:48","guid":{"rendered":"https:\/\/www.lobodachi.com\/?post_type=product&#038;p=3271"},"modified":"2022-04-07T06:34:59","modified_gmt":"2022-04-07T06:34:59","slug":"metal-charm-mimikyu-dayo-set-6","status":"publish","type":"product","link":"https:\/\/www.lobodachi.com\/?product=metal-charm-mimikyu-dayo-set-6","title":{"rendered":"Metal Charm Mimikyu Dayo! Set (6)"},"content":{"rendered":"<p>Pokemon Center Original<br \/>Set entero de charms met\u00e1licos.<br \/>Colecci\u00f3n Mimikyu Dayo!<br \/>6 en total.<\/p>\n<p>Si tienes preguntas sobre este o cualquier otro art\u00edculo, no dudes en mandarme un mensaje directo en <a href=\"https:\/\/www.facebook.com\/Lobodachi\">Facebook<\/a>.<\/p>\n","protected":false},"excerpt":{"rendered":"<p>Pokemon Center OriginalSet entero de charms met\u00e1licos.Colecci\u00f3n Mimikyu Dayo!6 en total. Si tienes preguntas sobre este o cualquier otro art\u00edculo, no dudes en mandarme un mensaje directo en Facebook.<\/p>\n","protected":false},"featured_media":3190,"template":"","meta":[],"_links":{"self":[{"href":"https:\/\/www.lobodachi.com\/index.php?rest_route=\/wp\/v2\/product\/3271"}],"collection":[{"href":"https:\/\/www.lobodachi.com\/index.php?rest_route=\/wp\/v2\/product"}],"about":[{"href":"https:\/\/www.lobodachi.com\/index.php?rest_route=\/wp\/v2\/types\/product"}],"wp:featuredmedia":[{"embeddable":true,"href":"https:\/\/www.lobodachi.com\/index.php?rest_route=\/wp\/v2\/media\/3190"}],"wp:attachment":[{"href":"https:\/\/www.lobodachi.com\/index.php?rest_route=%2Fwp%2Fv2%2Fmedia&parent=3271"}],"curies":[{"name":"wp","href":"https:\/\/api.w.org\/{rel}","templated":true}]}}