{"id":3304,"date":"2022-04-07T05:56:17","date_gmt":"2022-04-07T05:56:17","guid":{"rendered":"https:\/\/www.lobodachi.com\/?post_type=product&#038;p=3304"},"modified":"2022-04-07T16:43:45","modified_gmt":"2022-04-07T16:43:45","slug":"squirtle-report-kaitene-mascot","status":"publish","type":"product","link":"https:\/\/www.lobodachi.com\/?product=squirtle-report-kaitene-mascot","title":{"rendered":"Squirtle Report Kaitene Mascot"},"content":{"rendered":"<p>Pokemon Center Original<br \/>Squirtle<br \/>Report Kaitene Mascot<br \/>11\u00d710\u00d710:cm<br \/>Si tienes preguntas sobre este o cualquier otro art\u00edculo, no dudes en mandarme un mensaje directo en <a href=\"https:\/\/www.facebook.com\/Lobodachi\">Facebook<\/a>.<\/p>\n","protected":false},"excerpt":{"rendered":"<p>Pokemon Center OriginalSquirtleReport Kaitene Mascot11\u00d710\u00d710:cmSi tienes preguntas sobre este o cualquier otro art\u00edculo, no dudes en mandarme un mensaje directo en Facebook.<\/p>\n","protected":false},"featured_media":3197,"template":"","meta":[],"_links":{"self":[{"href":"https:\/\/www.lobodachi.com\/index.php?rest_route=\/wp\/v2\/product\/3304"}],"collection":[{"href":"https:\/\/www.lobodachi.com\/index.php?rest_route=\/wp\/v2\/product"}],"about":[{"href":"https:\/\/www.lobodachi.com\/index.php?rest_route=\/wp\/v2\/types\/product"}],"wp:featuredmedia":[{"embeddable":true,"href":"https:\/\/www.lobodachi.com\/index.php?rest_route=\/wp\/v2\/media\/3197"}],"wp:attachment":[{"href":"https:\/\/www.lobodachi.com\/index.php?rest_route=%2Fwp%2Fv2%2Fmedia&parent=3304"}],"curies":[{"name":"wp","href":"https:\/\/api.w.org\/{rel}","templated":true}]}}