{"id":3327,"date":"2022-04-07T11:55:28","date_gmt":"2022-04-07T11:55:28","guid":{"rendered":"https:\/\/www.lobodachi.com\/?post_type=product&#038;p=3327"},"modified":"2025-08-12T06:35:54","modified_gmt":"2025-08-12T06:35:54","slug":"pin-the-legend-of-zelda-corazon","status":"publish","type":"product","link":"https:\/\/www.lobodachi.com\/?product=pin-the-legend-of-zelda-corazon","title":{"rendered":"Pin The Legend of Zelda Coraz\u00f3n"},"content":{"rendered":"<p>Nontendo Tokyo Original<br \/>\nThe Legend of Zelda<br \/>\nSkyward Sowrd<br \/>\nCoraz\u00f3n Pin<br \/>\n4\u00d73.5\u00d70.3 cms<\/p>\n<p>Si tienes preguntas sobre este o cualquier otro art\u00edculo, no dudes en mandarme un mensaje directo en\u00a0<a href=\"https:\/\/www.facebook.com\/Lobodachi\">Facebook<\/a>.<\/p>\n","protected":false},"excerpt":{"rendered":"<p>Nontendo Tokyo Original The Legend of Zelda Skyward Sowrd Coraz\u00f3n Pin 4\u00d73.5\u00d70.3 cms Si tienes preguntas sobre este o cualquier otro art\u00edculo, no dudes en mandarme un mensaje directo en\u00a0Facebook.<\/p>\n","protected":false},"featured_media":3337,"template":"","meta":[],"_links":{"self":[{"href":"https:\/\/www.lobodachi.com\/index.php?rest_route=\/wp\/v2\/product\/3327"}],"collection":[{"href":"https:\/\/www.lobodachi.com\/index.php?rest_route=\/wp\/v2\/product"}],"about":[{"href":"https:\/\/www.lobodachi.com\/index.php?rest_route=\/wp\/v2\/types\/product"}],"wp:featuredmedia":[{"embeddable":true,"href":"https:\/\/www.lobodachi.com\/index.php?rest_route=\/wp\/v2\/media\/3337"}],"wp:attachment":[{"href":"https:\/\/www.lobodachi.com\/index.php?rest_route=%2Fwp%2Fv2%2Fmedia&parent=3327"}],"curies":[{"name":"wp","href":"https:\/\/api.w.org\/{rel}","templated":true}]}}