{"id":3360,"date":"2022-04-09T12:28:54","date_gmt":"2022-04-09T12:28:54","guid":{"rendered":"https:\/\/www.lobodachi.com\/?post_type=product&#038;p=3360"},"modified":"2025-02-21T17:05:27","modified_gmt":"2025-02-21T17:05:27","slug":"sylveon-pin-colorful","status":"publish","type":"product","link":"https:\/\/www.lobodachi.com\/?product=sylveon-pin-colorful","title":{"rendered":"Sylveon Pin Colorful"},"content":{"rendered":"<p>Pokemon Center Originals<br \/>Sylveon Pin<br \/>Colorful Collection<\/p>\n<table class=\"product_info\">\n<tbody>\n<tr>\n<td>4.9\u00d74.9\u00d71.7:cm 18g<\/td>\n<\/tr>\n<\/tbody>\n<\/table>\n<div class=\"woocommerce-tabs wc-tabs-wrapper\">\n<div id=\"tab-description\" class=\"woocommerce-Tabs-panel woocommerce-Tabs-panel--description panel entry-content wc-tab\" role=\"tabpanel\" aria-labelledby=\"tab-title-description\">\n<p>Si tienes preguntas sobre este o cualquier otro art\u00edculo, no dudes en mandarme un mensaje directo en\u00a0<a href=\"https:\/\/www.facebook.com\/Lobodachi\">Facebook<\/a>.<\/p>\n<\/div>\n<\/div>\n<section class=\"related products\"><\/section><\/p>\n","protected":false},"excerpt":{"rendered":"<p>Pokemon Center OriginalsSylveon PinColorful Collection 4.9\u00d74.9\u00d71.7:cm 18g Si tienes preguntas sobre este o cualquier otro art\u00edculo, no dudes en mandarme un mensaje directo en\u00a0Facebook.<\/p>\n","protected":false},"featured_media":3367,"template":"","meta":[],"_links":{"self":[{"href":"https:\/\/www.lobodachi.com\/index.php?rest_route=\/wp\/v2\/product\/3360"}],"collection":[{"href":"https:\/\/www.lobodachi.com\/index.php?rest_route=\/wp\/v2\/product"}],"about":[{"href":"https:\/\/www.lobodachi.com\/index.php?rest_route=\/wp\/v2\/types\/product"}],"wp:featuredmedia":[{"embeddable":true,"href":"https:\/\/www.lobodachi.com\/index.php?rest_route=\/wp\/v2\/media\/3367"}],"wp:attachment":[{"href":"https:\/\/www.lobodachi.com\/index.php?rest_route=%2Fwp%2Fv2%2Fmedia&parent=3360"}],"curies":[{"name":"wp","href":"https:\/\/api.w.org\/{rel}","templated":true}]}}