{"id":4519,"date":"2025-07-04T03:30:54","date_gmt":"2025-07-04T03:30:54","guid":{"rendered":"https:\/\/www.lobodachi.com\/?post_type=product&#038;p=4519"},"modified":"2025-07-04T06:52:49","modified_gmt":"2025-07-04T06:52:49","slug":"chocotama-molde-pokemon","status":"publish","type":"product","link":"https:\/\/www.lobodachi.com\/?product=chocotama-molde-pokemon","title":{"rendered":"Chocotama Molde Pokemon"},"content":{"rendered":"<p>Pok\u00e9mon Center<\/p>\n<p>Moldes para galletas Pok\u00e9ball y Pok\u00e9mon<\/p>\n<p>12 x 12 x 12cm\u00a0<\/p>\n","protected":false},"excerpt":{"rendered":"<p>Pok\u00e9mon Center Moldes para galletas Pok\u00e9ball y Pok\u00e9mon 12 x 12 x 12cm\u00a0<\/p>\n","protected":false},"featured_media":4522,"template":"","meta":[],"_links":{"self":[{"href":"https:\/\/www.lobodachi.com\/index.php?rest_route=\/wp\/v2\/product\/4519"}],"collection":[{"href":"https:\/\/www.lobodachi.com\/index.php?rest_route=\/wp\/v2\/product"}],"about":[{"href":"https:\/\/www.lobodachi.com\/index.php?rest_route=\/wp\/v2\/types\/product"}],"wp:featuredmedia":[{"embeddable":true,"href":"https:\/\/www.lobodachi.com\/index.php?rest_route=\/wp\/v2\/media\/4522"}],"wp:attachment":[{"href":"https:\/\/www.lobodachi.com\/index.php?rest_route=%2Fwp%2Fv2%2Fmedia&parent=4519"}],"curies":[{"name":"wp","href":"https:\/\/api.w.org\/{rel}","templated":true}]}}