{"id":4539,"date":"2025-07-05T00:36:38","date_gmt":"2025-07-05T00:36:38","guid":{"rendered":"https:\/\/www.lobodachi.com\/?post_type=product&#038;p=4539"},"modified":"2025-07-24T09:51:58","modified_gmt":"2025-07-24T09:51:58","slug":"toalla-de-mano-negra-pikachu-25-aniv","status":"publish","type":"product","link":"https:\/\/www.lobodachi.com\/?product=toalla-de-mano-negra-pikachu-25-aniv","title":{"rendered":"Toalla de mano negra Pikachu 25 aniv."},"content":{"rendered":"<p>Pok\u00e9mon Center<\/p>\n<p>Toalla de mano Negra Pikachu Pok\u00e9mon Center 25 Aniversario<\/p>\n<p>25.0\u00d725.0\u00d70.3 cm<\/p>\n<p>28g<\/p>\n","protected":false},"excerpt":{"rendered":"<p>Pok\u00e9mon Center Toalla de mano Negra Pikachu Pok\u00e9mon Center 25 Aniversario 25.0\u00d725.0\u00d70.3 cm 28g<\/p>\n","protected":false},"featured_media":4544,"template":"","meta":[],"_links":{"self":[{"href":"https:\/\/www.lobodachi.com\/index.php?rest_route=\/wp\/v2\/product\/4539"}],"collection":[{"href":"https:\/\/www.lobodachi.com\/index.php?rest_route=\/wp\/v2\/product"}],"about":[{"href":"https:\/\/www.lobodachi.com\/index.php?rest_route=\/wp\/v2\/types\/product"}],"wp:featuredmedia":[{"embeddable":true,"href":"https:\/\/www.lobodachi.com\/index.php?rest_route=\/wp\/v2\/media\/4544"}],"wp:attachment":[{"href":"https:\/\/www.lobodachi.com\/index.php?rest_route=%2Fwp%2Fv2%2Fmedia&parent=4539"}],"curies":[{"name":"wp","href":"https:\/\/api.w.org\/{rel}","templated":true}]}}