{"id":4542,"date":"2025-07-05T00:36:39","date_gmt":"2025-07-05T00:36:39","guid":{"rendered":"https:\/\/www.lobodachi.com\/?post_type=product&#038;p=4542"},"modified":"2025-07-05T08:10:25","modified_gmt":"2025-07-05T08:10:25","slug":"sticker-lechonk-6-cms","status":"publish","type":"product","link":"https:\/\/www.lobodachi.com\/?product=sticker-lechonk-6-cms","title":{"rendered":"Sticker Lechonk (6 cms)"},"content":{"rendered":"<p>Pok\u00e9mon Center<\/p>\n<p>Sticker Gourton (Lechonk)<\/p>\n<p>5.5\u00d76\u00d70.02 cm<\/p>\n<p>1g<\/p>\n","protected":false},"excerpt":{"rendered":"<p>Pok\u00e9mon Center Sticker Gourton (Lechonk) 5.5\u00d76\u00d70.02 cm 1g<\/p>\n","protected":false},"featured_media":4545,"template":"","meta":[],"_links":{"self":[{"href":"https:\/\/www.lobodachi.com\/index.php?rest_route=\/wp\/v2\/product\/4542"}],"collection":[{"href":"https:\/\/www.lobodachi.com\/index.php?rest_route=\/wp\/v2\/product"}],"about":[{"href":"https:\/\/www.lobodachi.com\/index.php?rest_route=\/wp\/v2\/types\/product"}],"wp:featuredmedia":[{"embeddable":true,"href":"https:\/\/www.lobodachi.com\/index.php?rest_route=\/wp\/v2\/media\/4545"}],"wp:attachment":[{"href":"https:\/\/www.lobodachi.com\/index.php?rest_route=%2Fwp%2Fv2%2Fmedia&parent=4542"}],"curies":[{"name":"wp","href":"https:\/\/api.w.org\/{rel}","templated":true}]}}