{"id":4561,"date":"2025-07-05T01:30:58","date_gmt":"2025-07-05T01:30:58","guid":{"rendered":"https:\/\/www.lobodachi.com\/?post_type=product&#038;p=4561"},"modified":"2025-07-05T08:10:42","modified_gmt":"2025-07-05T08:10:42","slug":"caja-para-deck-sustituto","status":"publish","type":"product","link":"https:\/\/www.lobodachi.com\/?product=caja-para-deck-sustituto","title":{"rendered":"Caja para deck Sustituto"},"content":{"rendered":"<p>Pok\u00e9mon Center<\/p>\n<p>Caja para deck de cartas Pok\u00e9mon TCG<\/p>\n<p>Sustituto<\/p>\n<p>7.5\u00d76.3\u00d79.8 cm<\/p>\n<p>40 g<\/p>\n","protected":false},"excerpt":{"rendered":"<p>Pok\u00e9mon Center Caja para deck de cartas Pok\u00e9mon TCG Sustituto 7.5\u00d76.3\u00d79.8 cm 40 g<\/p>\n","protected":false},"featured_media":4566,"template":"","meta":[],"_links":{"self":[{"href":"https:\/\/www.lobodachi.com\/index.php?rest_route=\/wp\/v2\/product\/4561"}],"collection":[{"href":"https:\/\/www.lobodachi.com\/index.php?rest_route=\/wp\/v2\/product"}],"about":[{"href":"https:\/\/www.lobodachi.com\/index.php?rest_route=\/wp\/v2\/types\/product"}],"wp:featuredmedia":[{"embeddable":true,"href":"https:\/\/www.lobodachi.com\/index.php?rest_route=\/wp\/v2\/media\/4566"}],"wp:attachment":[{"href":"https:\/\/www.lobodachi.com\/index.php?rest_route=%2Fwp%2Fv2%2Fmedia&parent=4561"}],"curies":[{"name":"wp","href":"https:\/\/api.w.org\/{rel}","templated":true}]}}