{"id":4695,"date":"2025-07-07T02:45:58","date_gmt":"2025-07-07T02:45:58","guid":{"rendered":"https:\/\/www.lobodachi.com\/?post_type=product&#038;p=4695"},"modified":"2025-07-07T06:36:49","modified_gmt":"2025-07-07T06:36:49","slug":"sylveon-pokemon-dolls-mascot","status":"publish","type":"product","link":"https:\/\/www.lobodachi.com\/?product=sylveon-pokemon-dolls-mascot","title":{"rendered":"Sylveon Pokemon Dolls Mascot"},"content":{"rendered":"<p>Pok\u00e9mon Center<\/p>\n<p>Plush mascot keychain Sylveon<\/p>\n<p>12.0\u00d79.0\u00d78.0 cm<\/p>\n<p>30.5g<\/p>\n<p>\u00a0<\/p>\n","protected":false},"excerpt":{"rendered":"<p>Pok\u00e9mon Center Plush mascot keychain Sylveon 12.0\u00d79.0\u00d78.0 cm 30.5g \u00a0<\/p>\n","protected":false},"featured_media":4702,"template":"","meta":[],"_links":{"self":[{"href":"https:\/\/www.lobodachi.com\/index.php?rest_route=\/wp\/v2\/product\/4695"}],"collection":[{"href":"https:\/\/www.lobodachi.com\/index.php?rest_route=\/wp\/v2\/product"}],"about":[{"href":"https:\/\/www.lobodachi.com\/index.php?rest_route=\/wp\/v2\/types\/product"}],"wp:featuredmedia":[{"embeddable":true,"href":"https:\/\/www.lobodachi.com\/index.php?rest_route=\/wp\/v2\/media\/4702"}],"wp:attachment":[{"href":"https:\/\/www.lobodachi.com\/index.php?rest_route=%2Fwp%2Fv2%2Fmedia&parent=4695"}],"curies":[{"name":"wp","href":"https:\/\/api.w.org\/{rel}","templated":true}]}}