{"id":4867,"date":"2025-07-18T03:28:53","date_gmt":"2025-07-18T03:28:53","guid":{"rendered":"https:\/\/www.lobodachi.com\/?post_type=product&#038;p=4867"},"modified":"2025-07-29T17:00:08","modified_gmt":"2025-07-29T17:00:08","slug":"vaso-ceramica-tatsugiri","status":"publish","type":"product","link":"https:\/\/www.lobodachi.com\/?product=vaso-ceramica-tatsugiri","title":{"rendered":"Vaso Cer\u00e1mica Tatsugiri"},"content":{"rendered":"<p>Pok\u00e9mon Center<\/p>\n<p>Taza para t\u00e9 de Cer\u00e1mica Pok\u00e9mon Dai Sushi!: Full of Tatsugiri<\/p>\n<p>10.5\u00d77.3\u00d77.3 cm<\/p>\n<p>274g<\/p>\n","protected":false},"excerpt":{"rendered":"<p>Pok\u00e9mon Center Taza para t\u00e9 de Cer\u00e1mica Pok\u00e9mon Dai Sushi!: Full of Tatsugiri 10.5\u00d77.3\u00d77.3 cm 274g<\/p>\n","protected":false},"featured_media":4872,"template":"","meta":[],"_links":{"self":[{"href":"https:\/\/www.lobodachi.com\/index.php?rest_route=\/wp\/v2\/product\/4867"}],"collection":[{"href":"https:\/\/www.lobodachi.com\/index.php?rest_route=\/wp\/v2\/product"}],"about":[{"href":"https:\/\/www.lobodachi.com\/index.php?rest_route=\/wp\/v2\/types\/product"}],"wp:featuredmedia":[{"embeddable":true,"href":"https:\/\/www.lobodachi.com\/index.php?rest_route=\/wp\/v2\/media\/4872"}],"wp:attachment":[{"href":"https:\/\/www.lobodachi.com\/index.php?rest_route=%2Fwp%2Fv2%2Fmedia&parent=4867"}],"curies":[{"name":"wp","href":"https:\/\/api.w.org\/{rel}","templated":true}]}}