{"id":4876,"date":"2025-07-18T20:47:07","date_gmt":"2025-07-18T20:47:07","guid":{"rendered":"https:\/\/www.lobodachi.com\/?post_type=product&#038;p=4876"},"modified":"2025-07-22T16:32:30","modified_gmt":"2025-07-22T16:32:30","slug":"doble-set-platitos-hondos-poke-25-aniversario","status":"publish","type":"product","link":"https:\/\/www.lobodachi.com\/?product=doble-set-platitos-hondos-poke-25-aniversario","title":{"rendered":"Doble set platitos hondos Poke 25 Aniversario"},"content":{"rendered":"<p>Pok\u00e9mon Center<\/p>\n<p>Set doble de platos Pikachu Pok\u00e9mon Center 25 Aniversario<\/p>\n<p>13.0\u00d711.3\u00d711.2 cm<\/p>\n<p>209g<\/p>\n<p>\u00a0<\/p>\n","protected":false},"excerpt":{"rendered":"<p>Pok\u00e9mon Center Set doble de platos Pikachu Pok\u00e9mon Center 25 Aniversario 13.0\u00d711.3\u00d711.2 cm 209g \u00a0<\/p>\n","protected":false},"featured_media":4880,"template":"","meta":[],"_links":{"self":[{"href":"https:\/\/www.lobodachi.com\/index.php?rest_route=\/wp\/v2\/product\/4876"}],"collection":[{"href":"https:\/\/www.lobodachi.com\/index.php?rest_route=\/wp\/v2\/product"}],"about":[{"href":"https:\/\/www.lobodachi.com\/index.php?rest_route=\/wp\/v2\/types\/product"}],"wp:featuredmedia":[{"embeddable":true,"href":"https:\/\/www.lobodachi.com\/index.php?rest_route=\/wp\/v2\/media\/4880"}],"wp:attachment":[{"href":"https:\/\/www.lobodachi.com\/index.php?rest_route=%2Fwp%2Fv2%2Fmedia&parent=4876"}],"curies":[{"name":"wp","href":"https:\/\/api.w.org\/{rel}","templated":true}]}}