{"id":4889,"date":"2025-07-18T21:17:37","date_gmt":"2025-07-18T21:17:37","guid":{"rendered":"https:\/\/www.lobodachi.com\/?post_type=product&#038;p=4889"},"modified":"2025-07-22T16:32:43","modified_gmt":"2025-07-22T16:32:43","slug":"porta-vasos-magikarp","status":"publish","type":"product","link":"https:\/\/www.lobodachi.com\/?product=porta-vasos-magikarp","title":{"rendered":"Porta Vasos Magikarp"},"content":{"rendered":"<p>Pok\u00e9mon Center<\/p>\n<p>Porta Vasos Magikarp Pok\u00e9mon Pikachu Hanten<\/p>\n<p>9.5\u00d79.5\u00d70.5 cm\u3000<\/p>\n<p>40g<\/p>\n<p>\u00a0<\/p>\n","protected":false},"excerpt":{"rendered":"<p>Pok\u00e9mon Center Porta Vasos Magikarp Pok\u00e9mon Pikachu Hanten 9.5\u00d79.5\u00d70.5 cm\u3000 40g \u00a0<\/p>\n","protected":false},"featured_media":4892,"template":"","meta":[],"_links":{"self":[{"href":"https:\/\/www.lobodachi.com\/index.php?rest_route=\/wp\/v2\/product\/4889"}],"collection":[{"href":"https:\/\/www.lobodachi.com\/index.php?rest_route=\/wp\/v2\/product"}],"about":[{"href":"https:\/\/www.lobodachi.com\/index.php?rest_route=\/wp\/v2\/types\/product"}],"wp:featuredmedia":[{"embeddable":true,"href":"https:\/\/www.lobodachi.com\/index.php?rest_route=\/wp\/v2\/media\/4892"}],"wp:attachment":[{"href":"https:\/\/www.lobodachi.com\/index.php?rest_route=%2Fwp%2Fv2%2Fmedia&parent=4889"}],"curies":[{"name":"wp","href":"https:\/\/api.w.org\/{rel}","templated":true}]}}