{"id":4899,"date":"2025-07-18T21:34:43","date_gmt":"2025-07-18T21:34:43","guid":{"rendered":"https:\/\/www.lobodachi.com\/?post_type=product&#038;p=4899"},"modified":"2025-07-22T16:32:54","modified_gmt":"2025-07-22T16:32:54","slug":"taza-fuecoco-mandibulas","status":"publish","type":"product","link":"https:\/\/www.lobodachi.com\/?product=taza-fuecoco-mandibulas","title":{"rendered":"Taza Fuecoco mand\u00edbulas"},"content":{"rendered":"<p>Pok\u00e9mon Center<\/p>\n<p>Taza Fuecoco Mand\u00edbulas<\/p>\n<p>9\u00d711.8\u00d78 cm\u3000<\/p>\n<p>261g<\/p>\n","protected":false},"excerpt":{"rendered":"<p>Pok\u00e9mon Center Taza Fuecoco Mand\u00edbulas 9\u00d711.8\u00d78 cm\u3000 261g<\/p>\n","protected":false},"featured_media":4901,"template":"","meta":[],"_links":{"self":[{"href":"https:\/\/www.lobodachi.com\/index.php?rest_route=\/wp\/v2\/product\/4899"}],"collection":[{"href":"https:\/\/www.lobodachi.com\/index.php?rest_route=\/wp\/v2\/product"}],"about":[{"href":"https:\/\/www.lobodachi.com\/index.php?rest_route=\/wp\/v2\/types\/product"}],"wp:featuredmedia":[{"embeddable":true,"href":"https:\/\/www.lobodachi.com\/index.php?rest_route=\/wp\/v2\/media\/4901"}],"wp:attachment":[{"href":"https:\/\/www.lobodachi.com\/index.php?rest_route=%2Fwp%2Fv2%2Fmedia&parent=4899"}],"curies":[{"name":"wp","href":"https:\/\/api.w.org\/{rel}","templated":true}]}}