{"id":4907,"date":"2025-07-18T22:17:33","date_gmt":"2025-07-18T22:17:33","guid":{"rendered":"https:\/\/www.lobodachi.com\/?post_type=product&#038;p=4907"},"modified":"2025-07-22T16:33:05","modified_gmt":"2025-07-22T16:33:05","slug":"caja-metalica-con-galletas-matcha-expirada","status":"publish","type":"product","link":"https:\/\/www.lobodachi.com\/?product=caja-metalica-con-galletas-matcha-expirada","title":{"rendered":"Caja met\u00e1lica con galletas Matcha (expirada)"},"content":{"rendered":"<p>Pok\u00e9mon Center<\/p>\n<p>Caja Met\u00e1lica con galletas Matcha Pok\u00e9mon Caf\u00e9 Poltchageist<\/p>\n<p>21 x 9.5 x 5 cm<\/p>\n<p>250g<\/p>\n<p>\u00a0<\/p>\n","protected":false},"excerpt":{"rendered":"<p>Pok\u00e9mon Center Caja Met\u00e1lica con galletas Matcha Pok\u00e9mon Caf\u00e9 Poltchageist 21 x 9.5 x 5 cm 250g \u00a0<\/p>\n","protected":false},"featured_media":4911,"template":"","meta":[],"_links":{"self":[{"href":"https:\/\/www.lobodachi.com\/index.php?rest_route=\/wp\/v2\/product\/4907"}],"collection":[{"href":"https:\/\/www.lobodachi.com\/index.php?rest_route=\/wp\/v2\/product"}],"about":[{"href":"https:\/\/www.lobodachi.com\/index.php?rest_route=\/wp\/v2\/types\/product"}],"wp:featuredmedia":[{"embeddable":true,"href":"https:\/\/www.lobodachi.com\/index.php?rest_route=\/wp\/v2\/media\/4911"}],"wp:attachment":[{"href":"https:\/\/www.lobodachi.com\/index.php?rest_route=%2Fwp%2Fv2%2Fmedia&parent=4907"}],"curies":[{"name":"wp","href":"https:\/\/api.w.org\/{rel}","templated":true}]}}