{"id":4919,"date":"2025-07-18T22:52:06","date_gmt":"2025-07-18T22:52:06","guid":{"rendered":"https:\/\/www.lobodachi.com\/?post_type=product&#038;p=4919"},"modified":"2025-07-22T16:33:28","modified_gmt":"2025-07-22T16:33:28","slug":"set-de-plumas-tatsugiri","status":"publish","type":"product","link":"https:\/\/www.lobodachi.com\/?product=set-de-plumas-tatsugiri","title":{"rendered":"Set de plumas Tatsugiri"},"content":{"rendered":"<p>Pok\u00e9mon Center<\/p>\n<p>Set de Plumas Tatsugiri Sarasa Clip Pok\u00e9mon Diving<\/p>\n<p>2.7\u00d714.1\u00d71.1 cm\u3000<\/p>\n<p>13g<\/p>\n","protected":false},"excerpt":{"rendered":"<p>Pok\u00e9mon Center Set de Plumas Tatsugiri Sarasa Clip Pok\u00e9mon Diving 2.7\u00d714.1\u00d71.1 cm\u3000 13g<\/p>\n","protected":false},"featured_media":4924,"template":"","meta":[],"_links":{"self":[{"href":"https:\/\/www.lobodachi.com\/index.php?rest_route=\/wp\/v2\/product\/4919"}],"collection":[{"href":"https:\/\/www.lobodachi.com\/index.php?rest_route=\/wp\/v2\/product"}],"about":[{"href":"https:\/\/www.lobodachi.com\/index.php?rest_route=\/wp\/v2\/types\/product"}],"wp:featuredmedia":[{"embeddable":true,"href":"https:\/\/www.lobodachi.com\/index.php?rest_route=\/wp\/v2\/media\/4924"}],"wp:attachment":[{"href":"https:\/\/www.lobodachi.com\/index.php?rest_route=%2Fwp%2Fv2%2Fmedia&parent=4919"}],"curies":[{"name":"wp","href":"https:\/\/api.w.org\/{rel}","templated":true}]}}