{"id":4966,"date":"2025-07-21T21:32:09","date_gmt":"2025-07-21T21:32:09","guid":{"rendered":"https:\/\/www.lobodachi.com\/?post_type=product&#038;p=4966"},"modified":"2025-07-22T16:35:43","modified_gmt":"2025-07-22T16:35:43","slug":"pokemon-cafe-taza","status":"publish","type":"product","link":"https:\/\/www.lobodachi.com\/?product=pokemon-cafe-taza","title":{"rendered":"Pokemon Caf\u00e9 Taza"},"content":{"rendered":"<p>Pok\u00e9mon Center<\/p>\n<p>Taza con tapadera Pikachu Chef Pok\u00e9mon Caf\u00e9<\/p>\n<p>Tapa: 4,7\u00d78,2\u00d78,2 cm, 115 g<br \/>Taza: 9,0\u00d711,0\u00d77,5 cm, 270 g<\/p>\n","protected":false},"excerpt":{"rendered":"<p>Pok\u00e9mon Center Taza con tapadera Pikachu Chef Pok\u00e9mon Caf\u00e9 Tapa: 4,7\u00d78,2\u00d78,2 cm, 115 gTaza: 9,0\u00d711,0\u00d77,5 cm, 270 g<\/p>\n","protected":false},"featured_media":4973,"template":"","meta":[],"_links":{"self":[{"href":"https:\/\/www.lobodachi.com\/index.php?rest_route=\/wp\/v2\/product\/4966"}],"collection":[{"href":"https:\/\/www.lobodachi.com\/index.php?rest_route=\/wp\/v2\/product"}],"about":[{"href":"https:\/\/www.lobodachi.com\/index.php?rest_route=\/wp\/v2\/types\/product"}],"wp:featuredmedia":[{"embeddable":true,"href":"https:\/\/www.lobodachi.com\/index.php?rest_route=\/wp\/v2\/media\/4973"}],"wp:attachment":[{"href":"https:\/\/www.lobodachi.com\/index.php?rest_route=%2Fwp%2Fv2%2Fmedia&parent=4966"}],"curies":[{"name":"wp","href":"https:\/\/api.w.org\/{rel}","templated":true}]}}