{"id":5120,"date":"2025-07-24T20:46:42","date_gmt":"2025-07-24T20:46:42","guid":{"rendered":"https:\/\/www.lobodachi.com\/?post_type=product&#038;p=5120"},"modified":"2025-07-28T12:38:49","modified_gmt":"2025-07-28T12:38:49","slug":"wooper-paldea-form-plush","status":"publish","type":"product","link":"https:\/\/www.lobodachi.com\/?product=wooper-paldea-form-plush","title":{"rendered":"Wooper Paldea form Plush"},"content":{"rendered":"<p>Pok\u00e9mon Center<\/p>\n<p>Plush Wooper Paldea form<\/p>\n<p>19\u00d725\u00d718 cm<\/p>\n<p>98g<\/p>\n<p>\u00a0<\/p>\n","protected":false},"excerpt":{"rendered":"<p>Pok\u00e9mon Center Plush Wooper Paldea form 19\u00d725\u00d718 cm 98g \u00a0<\/p>\n","protected":false},"featured_media":5126,"template":"","meta":[],"_links":{"self":[{"href":"https:\/\/www.lobodachi.com\/index.php?rest_route=\/wp\/v2\/product\/5120"}],"collection":[{"href":"https:\/\/www.lobodachi.com\/index.php?rest_route=\/wp\/v2\/product"}],"about":[{"href":"https:\/\/www.lobodachi.com\/index.php?rest_route=\/wp\/v2\/types\/product"}],"wp:featuredmedia":[{"embeddable":true,"href":"https:\/\/www.lobodachi.com\/index.php?rest_route=\/wp\/v2\/media\/5126"}],"wp:attachment":[{"href":"https:\/\/www.lobodachi.com\/index.php?rest_route=%2Fwp%2Fv2%2Fmedia&parent=5120"}],"curies":[{"name":"wp","href":"https:\/\/api.w.org\/{rel}","templated":true}]}}