{"id":5142,"date":"2025-07-24T21:28:00","date_gmt":"2025-07-24T21:28:00","guid":{"rendered":"https:\/\/www.lobodachi.com\/?post_type=product&#038;p=5142"},"modified":"2025-08-18T19:21:14","modified_gmt":"2025-08-18T19:21:14","slug":"diadema-pokemon-trainer","status":"publish","type":"product","link":"https:\/\/www.lobodachi.com\/?product=diadema-pokemon-trainer","title":{"rendered":"Diadema Pokemon Trainer"},"content":{"rendered":"<p>Pok\u00e9mon Center<\/p>\n<p>Diadema Pok\u00e9mon Trainer Iono<\/p>\n<p>21\u00d729\u00d77 cm<\/p>\n<p>89g<\/p>\n","protected":false},"excerpt":{"rendered":"<p>Pok\u00e9mon Center Diadema Pok\u00e9mon Trainer Iono 21\u00d729\u00d77 cm 89g<\/p>\n","protected":false},"featured_media":5146,"template":"","meta":[],"_links":{"self":[{"href":"https:\/\/www.lobodachi.com\/index.php?rest_route=\/wp\/v2\/product\/5142"}],"collection":[{"href":"https:\/\/www.lobodachi.com\/index.php?rest_route=\/wp\/v2\/product"}],"about":[{"href":"https:\/\/www.lobodachi.com\/index.php?rest_route=\/wp\/v2\/types\/product"}],"wp:featuredmedia":[{"embeddable":true,"href":"https:\/\/www.lobodachi.com\/index.php?rest_route=\/wp\/v2\/media\/5146"}],"wp:attachment":[{"href":"https:\/\/www.lobodachi.com\/index.php?rest_route=%2Fwp%2Fv2%2Fmedia&parent=5142"}],"curies":[{"name":"wp","href":"https:\/\/api.w.org\/{rel}","templated":true}]}}