{"id":5168,"date":"2025-07-27T16:24:43","date_gmt":"2025-07-27T16:24:43","guid":{"rendered":"https:\/\/www.lobodachi.com\/?post_type=product&#038;p=5168"},"modified":"2026-01-21T20:56:43","modified_gmt":"2026-01-21T20:56:43","slug":"mascara-para-dormir-snorlax-pokemon-sleep","status":"publish","type":"product","link":"https:\/\/www.lobodachi.com\/?product=mascara-para-dormir-snorlax-pokemon-sleep","title":{"rendered":"M\u00e1scara para dormir Snorlax Pokemon Sleep"},"content":{"rendered":"<p>Pok\u00e9mon Center<\/p>\n<p>Mascara para dormir Snorlax Pok\u00e9mon Sleep<\/p>\n<p>11\u00d722\u00d72 cm\u3000<\/p>\n<p>38g<\/p>\n","protected":false},"excerpt":{"rendered":"<p>Pok\u00e9mon Center Mascara para dormir Snorlax Pok\u00e9mon Sleep 11\u00d722\u00d72 cm\u3000 38g<\/p>\n","protected":false},"featured_media":5173,"template":"","meta":[],"_links":{"self":[{"href":"https:\/\/www.lobodachi.com\/index.php?rest_route=\/wp\/v2\/product\/5168"}],"collection":[{"href":"https:\/\/www.lobodachi.com\/index.php?rest_route=\/wp\/v2\/product"}],"about":[{"href":"https:\/\/www.lobodachi.com\/index.php?rest_route=\/wp\/v2\/types\/product"}],"wp:featuredmedia":[{"embeddable":true,"href":"https:\/\/www.lobodachi.com\/index.php?rest_route=\/wp\/v2\/media\/5173"}],"wp:attachment":[{"href":"https:\/\/www.lobodachi.com\/index.php?rest_route=%2Fwp%2Fv2%2Fmedia&parent=5168"}],"curies":[{"name":"wp","href":"https:\/\/api.w.org\/{rel}","templated":true}]}}