{"id":5206,"date":"2025-07-27T17:40:38","date_gmt":"2025-07-27T17:40:38","guid":{"rendered":"https:\/\/www.lobodachi.com\/?post_type=product&#038;p=5206"},"modified":"2025-08-02T07:05:38","modified_gmt":"2025-08-02T07:05:38","slug":"usb-humidificador-pokebola-hisui","status":"publish","type":"product","link":"https:\/\/www.lobodachi.com\/?product=usb-humidificador-pokebola-hisui","title":{"rendered":"USB Humidificador Pokebola Hisui"},"content":{"rendered":"<p>Pok\u00e9mon Center<\/p>\n<p>Humidificador Pokeball Hisui tipo USB<\/p>\n<p>11\u00d711\u00d711.2 cm<\/p>\n<p>174g<\/p>\n<p>Cable 50cm\u00a0<\/p>\n<p>4g<\/p>\n","protected":false},"excerpt":{"rendered":"<p>Pok\u00e9mon Center Humidificador Pokeball Hisui tipo USB 11\u00d711\u00d711.2 cm 174g Cable 50cm\u00a0 4g<\/p>\n","protected":false},"featured_media":5211,"template":"","meta":[],"_links":{"self":[{"href":"https:\/\/www.lobodachi.com\/index.php?rest_route=\/wp\/v2\/product\/5206"}],"collection":[{"href":"https:\/\/www.lobodachi.com\/index.php?rest_route=\/wp\/v2\/product"}],"about":[{"href":"https:\/\/www.lobodachi.com\/index.php?rest_route=\/wp\/v2\/types\/product"}],"wp:featuredmedia":[{"embeddable":true,"href":"https:\/\/www.lobodachi.com\/index.php?rest_route=\/wp\/v2\/media\/5211"}],"wp:attachment":[{"href":"https:\/\/www.lobodachi.com\/index.php?rest_route=%2Fwp%2Fv2%2Fmedia&parent=5206"}],"curies":[{"name":"wp","href":"https:\/\/api.w.org\/{rel}","templated":true}]}}