{"id":5210,"date":"2025-07-27T17:40:39","date_gmt":"2025-07-27T17:40:39","guid":{"rendered":"https:\/\/www.lobodachi.com\/?post_type=product&#038;p=5210"},"modified":"2025-07-28T12:40:23","modified_gmt":"2025-07-28T12:40:23","slug":"set-completo-pins-pikachu-box","status":"publish","type":"product","link":"https:\/\/www.lobodachi.com\/?product=set-completo-pins-pikachu-box","title":{"rendered":"Set Completo Pins Pikachu BOX"},"content":{"rendered":"<p>Pok\u00e9mon Center<\/p>\n<p>Set Pin Pikachu BOX<\/p>\n<p>brillan en la oscuridad<\/p>\n<p>4.4\u00d73.4\u00d71.4cm\u3000<\/p>\n<p>14g<\/p>\n<p>\u00a0<\/p>\n","protected":false},"excerpt":{"rendered":"<p>Pok\u00e9mon Center Set Pin Pikachu BOX brillan en la oscuridad 4.4\u00d73.4\u00d71.4cm\u3000 14g \u00a0<\/p>\n","protected":false},"featured_media":5212,"template":"","meta":[],"_links":{"self":[{"href":"https:\/\/www.lobodachi.com\/index.php?rest_route=\/wp\/v2\/product\/5210"}],"collection":[{"href":"https:\/\/www.lobodachi.com\/index.php?rest_route=\/wp\/v2\/product"}],"about":[{"href":"https:\/\/www.lobodachi.com\/index.php?rest_route=\/wp\/v2\/types\/product"}],"wp:featuredmedia":[{"embeddable":true,"href":"https:\/\/www.lobodachi.com\/index.php?rest_route=\/wp\/v2\/media\/5212"}],"wp:attachment":[{"href":"https:\/\/www.lobodachi.com\/index.php?rest_route=%2Fwp%2Fv2%2Fmedia&parent=5210"}],"curies":[{"name":"wp","href":"https:\/\/api.w.org\/{rel}","templated":true}]}}