{"id":5249,"date":"2025-08-11T18:25:52","date_gmt":"2025-08-11T18:25:52","guid":{"rendered":"https:\/\/www.lobodachi.com\/?post_type=product&#038;p=5249"},"modified":"2025-08-18T16:30:45","modified_gmt":"2025-08-18T16:30:45","slug":"taza-rocket-team","status":"publish","type":"product","link":"https:\/\/www.lobodachi.com\/?product=taza-rocket-team","title":{"rendered":"Taza Rocket Team"},"content":{"rendered":"<p>Pok\u00e9mon Center<\/p>\n<p>Tasa de cer\u00e1mica cambiante Team Rocket<\/p>\n<p>11.5\u00d77.8\u00d79 cm<\/p>\n<p>302 g<\/p>\n","protected":false},"excerpt":{"rendered":"<p>Pok\u00e9mon Center Tasa de cer\u00e1mica cambiante Team Rocket 11.5\u00d77.8\u00d79 cm 302 g<\/p>\n","protected":false},"featured_media":5254,"template":"","meta":[],"_links":{"self":[{"href":"https:\/\/www.lobodachi.com\/index.php?rest_route=\/wp\/v2\/product\/5249"}],"collection":[{"href":"https:\/\/www.lobodachi.com\/index.php?rest_route=\/wp\/v2\/product"}],"about":[{"href":"https:\/\/www.lobodachi.com\/index.php?rest_route=\/wp\/v2\/types\/product"}],"wp:featuredmedia":[{"embeddable":true,"href":"https:\/\/www.lobodachi.com\/index.php?rest_route=\/wp\/v2\/media\/5254"}],"wp:attachment":[{"href":"https:\/\/www.lobodachi.com\/index.php?rest_route=%2Fwp%2Fv2%2Fmedia&parent=5249"}],"curies":[{"name":"wp","href":"https:\/\/api.w.org\/{rel}","templated":true}]}}