{"id":5253,"date":"2025-08-11T18:25:53","date_gmt":"2025-08-11T18:25:53","guid":{"rendered":"https:\/\/www.lobodachi.com\/?post_type=product&#038;p=5253"},"modified":"2025-08-18T16:30:56","modified_gmt":"2025-08-18T16:30:56","slug":"hattrem-metal-charm-set","status":"publish","type":"product","link":"https:\/\/www.lobodachi.com\/?product=hattrem-metal-charm-set","title":{"rendered":"Hattrem Metal Charm Set"},"content":{"rendered":"<p>Pok\u00e9mon Center<\/p>\n<p>Set de Metal Charms Hatenna, Hattrem &amp; Hatterene<\/p>\n<p>4.8\u00d71.1\u00d70.3cm<\/p>\n<p>13g<\/p>\n<p>\u00a0<\/p>\n<p>\u00a0<\/p>\n","protected":false},"excerpt":{"rendered":"<p>Pok\u00e9mon Center Set de Metal Charms Hatenna, Hattrem &amp; Hatterene 4.8\u00d71.1\u00d70.3cm 13g \u00a0 \u00a0<\/p>\n","protected":false},"featured_media":5257,"template":"","meta":[],"_links":{"self":[{"href":"https:\/\/www.lobodachi.com\/index.php?rest_route=\/wp\/v2\/product\/5253"}],"collection":[{"href":"https:\/\/www.lobodachi.com\/index.php?rest_route=\/wp\/v2\/product"}],"about":[{"href":"https:\/\/www.lobodachi.com\/index.php?rest_route=\/wp\/v2\/types\/product"}],"wp:featuredmedia":[{"embeddable":true,"href":"https:\/\/www.lobodachi.com\/index.php?rest_route=\/wp\/v2\/media\/5257"}],"wp:attachment":[{"href":"https:\/\/www.lobodachi.com\/index.php?rest_route=%2Fwp%2Fv2%2Fmedia&parent=5253"}],"curies":[{"name":"wp","href":"https:\/\/api.w.org\/{rel}","templated":true}]}}