{"id":5385,"date":"2025-08-13T23:08:44","date_gmt":"2025-08-13T23:08:44","guid":{"rendered":"https:\/\/www.lobodachi.com\/?post_type=product&#038;p=5385"},"modified":"2025-08-18T16:33:13","modified_gmt":"2025-08-18T16:33:13","slug":"clip-para-corbata-rocket-team","status":"publish","type":"product","link":"https:\/\/www.lobodachi.com\/?product=clip-para-corbata-rocket-team","title":{"rendered":"Clip para Corbata Rocket Team"},"content":{"rendered":"<p>Pok\u00e9mon Center<\/p>\n<p>Clip para corbata Team Rocket<\/p>\n<p>5.8\u00d71.6\u00d71.5 cm<\/p>\n<p>9g<\/p>\n","protected":false},"excerpt":{"rendered":"<p>Pok\u00e9mon Center Clip para corbata Team Rocket 5.8\u00d71.6\u00d71.5 cm 9g<\/p>\n","protected":false},"featured_media":5390,"template":"","meta":[],"_links":{"self":[{"href":"https:\/\/www.lobodachi.com\/index.php?rest_route=\/wp\/v2\/product\/5385"}],"collection":[{"href":"https:\/\/www.lobodachi.com\/index.php?rest_route=\/wp\/v2\/product"}],"about":[{"href":"https:\/\/www.lobodachi.com\/index.php?rest_route=\/wp\/v2\/types\/product"}],"wp:featuredmedia":[{"embeddable":true,"href":"https:\/\/www.lobodachi.com\/index.php?rest_route=\/wp\/v2\/media\/5390"}],"wp:attachment":[{"href":"https:\/\/www.lobodachi.com\/index.php?rest_route=%2Fwp%2Fv2%2Fmedia&parent=5385"}],"curies":[{"name":"wp","href":"https:\/\/api.w.org\/{rel}","templated":true}]}}