{"id":5415,"date":"2025-08-14T01:50:52","date_gmt":"2025-08-14T01:50:52","guid":{"rendered":"https:\/\/www.lobodachi.com\/?post_type=product&#038;p=5415"},"modified":"2025-08-26T14:44:19","modified_gmt":"2025-08-26T14:44:19","slug":"figurita-ceramica-anual-pikachu-eakns","status":"publish","type":"product","link":"https:\/\/www.lobodachi.com\/?product=figurita-ceramica-anual-pikachu-eakns","title":{"rendered":"Figurita Cer\u00e1mica Anual Pikachu Eakns"},"content":{"rendered":"<p>Pok\u00e9mon Center<\/p>\n<p>Figura de cer\u00e1mica Pikachu &amp; Ekans Pok\u00e9mon x Yakushi Kiln<\/p>\n<p>8\u00d79,5\u00d75,5 cm<\/p>\n<p>90g<\/p>\n","protected":false},"excerpt":{"rendered":"<p>Pok\u00e9mon Center Figura de cer\u00e1mica Pikachu &amp; Ekans Pok\u00e9mon x Yakushi Kiln 8\u00d79,5\u00d75,5 cm 90g<\/p>\n","protected":false},"featured_media":5420,"template":"","meta":[],"_links":{"self":[{"href":"https:\/\/www.lobodachi.com\/index.php?rest_route=\/wp\/v2\/product\/5415"}],"collection":[{"href":"https:\/\/www.lobodachi.com\/index.php?rest_route=\/wp\/v2\/product"}],"about":[{"href":"https:\/\/www.lobodachi.com\/index.php?rest_route=\/wp\/v2\/types\/product"}],"wp:featuredmedia":[{"embeddable":true,"href":"https:\/\/www.lobodachi.com\/index.php?rest_route=\/wp\/v2\/media\/5420"}],"wp:attachment":[{"href":"https:\/\/www.lobodachi.com\/index.php?rest_route=%2Fwp%2Fv2%2Fmedia&parent=5415"}],"curies":[{"name":"wp","href":"https:\/\/api.w.org\/{rel}","templated":true}]}}