{"id":5418,"date":"2025-08-14T01:50:53","date_gmt":"2025-08-14T01:50:53","guid":{"rendered":"https:\/\/www.lobodachi.com\/?post_type=product&#038;p=5418"},"modified":"2025-08-26T14:44:21","modified_gmt":"2025-08-26T14:44:21","slug":"pokemon-sleep-figurita-atercipelada-al-azar","status":"publish","type":"product","link":"https:\/\/www.lobodachi.com\/?product=pokemon-sleep-figurita-atercipelada-al-azar","title":{"rendered":"Pokemon Sleep Figurita atercipelada (al azar)"},"content":{"rendered":"<p>Pok\u00e9mon Center<\/p>\n<p>Figuras aterciopeladas Pok\u00e9mon Sleep<\/p>\n<p>1 figura al azar de 6<\/p>\n<p>5.9\u00d74\u00d72.4 cm<\/p>\n<p>14g<\/p>\n","protected":false},"excerpt":{"rendered":"<p>Pok\u00e9mon Center Figuras aterciopeladas Pok\u00e9mon Sleep 1 figura al azar de 6 5.9\u00d74\u00d72.4 cm 14g<\/p>\n","protected":false},"featured_media":5422,"template":"","meta":[],"_links":{"self":[{"href":"https:\/\/www.lobodachi.com\/index.php?rest_route=\/wp\/v2\/product\/5418"}],"collection":[{"href":"https:\/\/www.lobodachi.com\/index.php?rest_route=\/wp\/v2\/product"}],"about":[{"href":"https:\/\/www.lobodachi.com\/index.php?rest_route=\/wp\/v2\/types\/product"}],"wp:featuredmedia":[{"embeddable":true,"href":"https:\/\/www.lobodachi.com\/index.php?rest_route=\/wp\/v2\/media\/5422"}],"wp:attachment":[{"href":"https:\/\/www.lobodachi.com\/index.php?rest_route=%2Fwp%2Fv2%2Fmedia&parent=5418"}],"curies":[{"name":"wp","href":"https:\/\/api.w.org\/{rel}","templated":true}]}}