{"id":5434,"date":"2025-08-14T03:00:10","date_gmt":"2025-08-14T03:00:10","guid":{"rendered":"https:\/\/www.lobodachi.com\/?post_type=product&#038;p=5434"},"modified":"2025-08-26T14:44:43","modified_gmt":"2025-08-26T14:44:43","slug":"set-de-sabanas-pokemon-king-size","status":"publish","type":"product","link":"https:\/\/www.lobodachi.com\/?product=set-de-sabanas-pokemon-king-size","title":{"rendered":"Set de s\u00e1banas Pokemon (king size)"},"content":{"rendered":"<p>Pok\u00e9mon Center<\/p>\n<p>Set de sabanas para cama King Size Pok\u00e9mon<\/p>\n<p>4.5\u00d714\u00d77 cm<\/p>\n","protected":false},"excerpt":{"rendered":"<p>Pok\u00e9mon Center Set de sabanas para cama King Size Pok\u00e9mon 4.5\u00d714\u00d77 cm<\/p>\n","protected":false},"featured_media":5444,"template":"","meta":[],"_links":{"self":[{"href":"https:\/\/www.lobodachi.com\/index.php?rest_route=\/wp\/v2\/product\/5434"}],"collection":[{"href":"https:\/\/www.lobodachi.com\/index.php?rest_route=\/wp\/v2\/product"}],"about":[{"href":"https:\/\/www.lobodachi.com\/index.php?rest_route=\/wp\/v2\/types\/product"}],"wp:featuredmedia":[{"embeddable":true,"href":"https:\/\/www.lobodachi.com\/index.php?rest_route=\/wp\/v2\/media\/5444"}],"wp:attachment":[{"href":"https:\/\/www.lobodachi.com\/index.php?rest_route=%2Fwp%2Fv2%2Fmedia&parent=5434"}],"curies":[{"name":"wp","href":"https:\/\/api.w.org\/{rel}","templated":true}]}}