{"id":5468,"date":"2025-08-15T02:11:59","date_gmt":"2025-08-15T02:11:59","guid":{"rendered":"https:\/\/www.lobodachi.com\/?post_type=product&#038;p=5468"},"modified":"2025-08-26T14:45:42","modified_gmt":"2025-08-26T14:45:42","slug":"doble-set-stickers-jirachi-popplio","status":"publish","type":"product","link":"https:\/\/www.lobodachi.com\/?product=doble-set-stickers-jirachi-popplio","title":{"rendered":"Doble Set Stickers Jirachi &amp; Popplio"},"content":{"rendered":"<p>Pok\u00e9mon Center<\/p>\n<p>Set de Stickers Popplio &amp; Jirachi<\/p>\n<p>10\u00d710\u00d70.025 cm<\/p>\n","protected":false},"excerpt":{"rendered":"<p>Pok\u00e9mon Center Set de Stickers Popplio &amp; Jirachi 10\u00d710\u00d70.025 cm<\/p>\n","protected":false},"featured_media":5474,"template":"","meta":[],"_links":{"self":[{"href":"https:\/\/www.lobodachi.com\/index.php?rest_route=\/wp\/v2\/product\/5468"}],"collection":[{"href":"https:\/\/www.lobodachi.com\/index.php?rest_route=\/wp\/v2\/product"}],"about":[{"href":"https:\/\/www.lobodachi.com\/index.php?rest_route=\/wp\/v2\/types\/product"}],"wp:featuredmedia":[{"embeddable":true,"href":"https:\/\/www.lobodachi.com\/index.php?rest_route=\/wp\/v2\/media\/5474"}],"wp:attachment":[{"href":"https:\/\/www.lobodachi.com\/index.php?rest_route=%2Fwp%2Fv2%2Fmedia&parent=5468"}],"curies":[{"name":"wp","href":"https:\/\/api.w.org\/{rel}","templated":true}]}}