{"id":5621,"date":"2025-08-20T17:59:42","date_gmt":"2025-08-20T17:59:42","guid":{"rendered":"https:\/\/www.lobodachi.com\/?post_type=product&#038;p=5621"},"modified":"2025-09-05T16:06:57","modified_gmt":"2025-09-05T16:06:57","slug":"micas-tcg-venasaur","status":"publish","type":"product","link":"https:\/\/www.lobodachi.com\/?product=micas-tcg-venasaur","title":{"rendered":"Micas TCG Venasaur"},"content":{"rendered":"<p>Pok\u00e9mon Center<\/p>\n<p>Micas Venasaur Premium Gloss Ver. Pok\u00e9mon TCG<\/p>\n<p>Incluye 64 Micas<\/p>\n<p>9.2\u00d76.6\u00d70.02 cm<\/p>\n<p>1.1g<\/p>\n","protected":false},"excerpt":{"rendered":"<p>Pok\u00e9mon Center Micas Venasaur Premium Gloss Ver. Pok\u00e9mon TCG Incluye 64 Micas 9.2\u00d76.6\u00d70.02 cm 1.1g<\/p>\n","protected":false},"featured_media":5627,"template":"","meta":[],"_links":{"self":[{"href":"https:\/\/www.lobodachi.com\/index.php?rest_route=\/wp\/v2\/product\/5621"}],"collection":[{"href":"https:\/\/www.lobodachi.com\/index.php?rest_route=\/wp\/v2\/product"}],"about":[{"href":"https:\/\/www.lobodachi.com\/index.php?rest_route=\/wp\/v2\/types\/product"}],"wp:featuredmedia":[{"embeddable":true,"href":"https:\/\/www.lobodachi.com\/index.php?rest_route=\/wp\/v2\/media\/5627"}],"wp:attachment":[{"href":"https:\/\/www.lobodachi.com\/index.php?rest_route=%2Fwp%2Fv2%2Fmedia&parent=5621"}],"curies":[{"name":"wp","href":"https:\/\/api.w.org\/{rel}","templated":true}]}}