{"id":5908,"date":"2026-04-23T12:30:06","date_gmt":"2026-04-23T12:30:06","guid":{"rendered":"https:\/\/www.lobodachi.com\/?post_type=product&#038;p=5908"},"modified":"2026-04-30T15:39:40","modified_gmt":"2026-04-30T15:39:40","slug":"mega-sinfonia-pokemom-tcg-1-sobre-5-cartas","status":"publish","type":"product","link":"https:\/\/www.lobodachi.com\/?product=mega-sinfonia-pokemom-tcg-1-sobre-5-cartas","title":{"rendered":"Mega Sinfon\u00eda Pokemom TCG (1 sobre \/ 5 cartas)"},"content":{"rendered":"<p>Pok\u00e9mon Center<\/p>\n<p>Pok\u00e9mon TCG MEGA Sinfon\u00eda Japon\u00e9s (1 sobre\/5 cartas)<\/p>\n<p>Todos los sobres fueron comprados directo en tienda, no con revendedores, est\u00e1n completamente sellados, y no han sido pesados<\/p>\n","protected":false},"excerpt":{"rendered":"<p>Pok\u00e9mon Center Pok\u00e9mon TCG MEGA Sinfon\u00eda Japon\u00e9s (1 sobre\/5 cartas) Todos los sobres fueron comprados directo en tienda, no con revendedores, est\u00e1n completamente sellados, y no han sido pesados<\/p>\n","protected":false},"featured_media":5917,"template":"","meta":[],"_links":{"self":[{"href":"https:\/\/www.lobodachi.com\/index.php?rest_route=\/wp\/v2\/product\/5908"}],"collection":[{"href":"https:\/\/www.lobodachi.com\/index.php?rest_route=\/wp\/v2\/product"}],"about":[{"href":"https:\/\/www.lobodachi.com\/index.php?rest_route=\/wp\/v2\/types\/product"}],"wp:featuredmedia":[{"embeddable":true,"href":"https:\/\/www.lobodachi.com\/index.php?rest_route=\/wp\/v2\/media\/5917"}],"wp:attachment":[{"href":"https:\/\/www.lobodachi.com\/index.php?rest_route=%2Fwp%2Fv2%2Fmedia&parent=5908"}],"curies":[{"name":"wp","href":"https:\/\/api.w.org\/{rel}","templated":true}]}}