{"id":5923,"date":"2026-04-25T18:26:32","date_gmt":"2026-04-25T18:26:32","guid":{"rendered":"https:\/\/www.lobodachi.com\/?post_type=product&#038;p=5923"},"modified":"2026-04-30T17:54:42","modified_gmt":"2026-04-30T17:54:42","slug":"gorra-pokemon-x-hiroshima-sanfrecce","status":"publish","type":"product","link":"https:\/\/www.lobodachi.com\/?product=gorra-pokemon-x-hiroshima-sanfrecce","title":{"rendered":"Gorra Pokemon x Hiroshima Sanfrecce"},"content":{"rendered":"<p>Pok\u00e9mon Center<\/p>\n<p>Gorra Orejas de Pikachu Pok\u00e9mon X Hiroshima Sanfrecce<\/p>\n<p>22\u00d723\u00d718 cm<\/p>\n<p>91 g<\/p>\n","protected":false},"excerpt":{"rendered":"<p>Pok\u00e9mon Center Gorra Orejas de Pikachu Pok\u00e9mon X Hiroshima Sanfrecce 22\u00d723\u00d718 cm 91 g<\/p>\n","protected":false},"featured_media":5933,"template":"","meta":[],"_links":{"self":[{"href":"https:\/\/www.lobodachi.com\/index.php?rest_route=\/wp\/v2\/product\/5923"}],"collection":[{"href":"https:\/\/www.lobodachi.com\/index.php?rest_route=\/wp\/v2\/product"}],"about":[{"href":"https:\/\/www.lobodachi.com\/index.php?rest_route=\/wp\/v2\/types\/product"}],"wp:featuredmedia":[{"embeddable":true,"href":"https:\/\/www.lobodachi.com\/index.php?rest_route=\/wp\/v2\/media\/5933"}],"wp:attachment":[{"href":"https:\/\/www.lobodachi.com\/index.php?rest_route=%2Fwp%2Fv2%2Fmedia&parent=5923"}],"curies":[{"name":"wp","href":"https:\/\/api.w.org\/{rel}","templated":true}]}}