{"id":5924,"date":"2026-04-25T18:26:32","date_gmt":"2026-04-25T18:26:32","guid":{"rendered":"https:\/\/www.lobodachi.com\/?post_type=product&#038;p=5924"},"modified":"2026-04-30T15:40:10","modified_gmt":"2026-04-30T15:40:10","slug":"carabinera-llavero-pokemon-x-hiroshima-sanfrecce","status":"publish","type":"product","link":"https:\/\/www.lobodachi.com\/?product=carabinera-llavero-pokemon-x-hiroshima-sanfrecce","title":{"rendered":"Carabinera Llavero Pokemon x Hiroshima Sanfrecce"},"content":{"rendered":"<p>Pok\u00e9mon Center<\/p>\n<p>Llavero de Carabinero de Acr\u00edlico Pok\u00e9mon X Hiroshima Sanfrecce<\/p>\n<p>4,5\u00d72,5\u00d710 cm<\/p>\n<p>16 g<\/p>\n","protected":false},"excerpt":{"rendered":"<p>Pok\u00e9mon Center Llavero de Carabinero de Acr\u00edlico Pok\u00e9mon X Hiroshima Sanfrecce 4,5\u00d72,5\u00d710 cm 16 g<\/p>\n","protected":false},"featured_media":5932,"template":"","meta":[],"_links":{"self":[{"href":"https:\/\/www.lobodachi.com\/index.php?rest_route=\/wp\/v2\/product\/5924"}],"collection":[{"href":"https:\/\/www.lobodachi.com\/index.php?rest_route=\/wp\/v2\/product"}],"about":[{"href":"https:\/\/www.lobodachi.com\/index.php?rest_route=\/wp\/v2\/types\/product"}],"wp:featuredmedia":[{"embeddable":true,"href":"https:\/\/www.lobodachi.com\/index.php?rest_route=\/wp\/v2\/media\/5932"}],"wp:attachment":[{"href":"https:\/\/www.lobodachi.com\/index.php?rest_route=%2Fwp%2Fv2%2Fmedia&parent=5924"}],"curies":[{"name":"wp","href":"https:\/\/api.w.org\/{rel}","templated":true}]}}