{"id":5926,"date":"2026-04-25T18:26:32","date_gmt":"2026-04-25T18:26:32","guid":{"rendered":"https:\/\/www.lobodachi.com\/?post_type=product&#038;p=5926"},"modified":"2026-04-30T15:40:05","modified_gmt":"2026-04-30T15:40:05","slug":"teddiursa-mascot-plush-pokemon-x-hiroshima-sanfrecce","status":"publish","type":"product","link":"https:\/\/www.lobodachi.com\/?product=teddiursa-mascot-plush-pokemon-x-hiroshima-sanfrecce","title":{"rendered":"Teddiursa Mascot Plush Pokemon x Hiroshima Sanfrecce"},"content":{"rendered":"<p>Pok\u00e9mon Center<\/p>\n<p>Plush Teddiursa Pok\u00e9mon X Hiroshima Sanfrecce<\/p>\n<p>13\u00d77\u00d714 cm<\/p>\n<p>45 g<\/p>\n","protected":false},"excerpt":{"rendered":"<p>Pok\u00e9mon Center Plush Teddiursa Pok\u00e9mon X Hiroshima Sanfrecce 13\u00d77\u00d714 cm 45 g<\/p>\n","protected":false},"featured_media":5930,"template":"","meta":[],"_links":{"self":[{"href":"https:\/\/www.lobodachi.com\/index.php?rest_route=\/wp\/v2\/product\/5926"}],"collection":[{"href":"https:\/\/www.lobodachi.com\/index.php?rest_route=\/wp\/v2\/product"}],"about":[{"href":"https:\/\/www.lobodachi.com\/index.php?rest_route=\/wp\/v2\/types\/product"}],"wp:featuredmedia":[{"embeddable":true,"href":"https:\/\/www.lobodachi.com\/index.php?rest_route=\/wp\/v2\/media\/5930"}],"wp:attachment":[{"href":"https:\/\/www.lobodachi.com\/index.php?rest_route=%2Fwp%2Fv2%2Fmedia&parent=5926"}],"curies":[{"name":"wp","href":"https:\/\/api.w.org\/{rel}","templated":true}]}}