{"id":5943,"date":"2026-04-26T03:39:04","date_gmt":"2026-04-26T03:39:04","guid":{"rendered":"https:\/\/www.lobodachi.com\/?post_type=product&#038;p=5943"},"modified":"2026-04-30T15:41:01","modified_gmt":"2026-04-30T15:41:01","slug":"pokemon-babanuki-juego-de-cartas","status":"publish","type":"product","link":"https:\/\/www.lobodachi.com\/?product=pokemon-babanuki-juego-de-cartas","title":{"rendered":"Pokemon Babanuki Juego de cartas"},"content":{"rendered":"<p>Pok\u00e9mon Center<\/p>\n<p>Pok\u00e9mon Babanuki Juego de cartas<\/p>\n<p>11,2\u00d76,3\u00d72,0 mm aprox.<\/p>\n<p>75 g<\/p>\n","protected":false},"excerpt":{"rendered":"<p>Pok\u00e9mon Center Pok\u00e9mon Babanuki Juego de cartas 11,2\u00d76,3\u00d72,0 mm aprox. 75 g<\/p>\n","protected":false},"featured_media":5944,"template":"","meta":[],"_links":{"self":[{"href":"https:\/\/www.lobodachi.com\/index.php?rest_route=\/wp\/v2\/product\/5943"}],"collection":[{"href":"https:\/\/www.lobodachi.com\/index.php?rest_route=\/wp\/v2\/product"}],"about":[{"href":"https:\/\/www.lobodachi.com\/index.php?rest_route=\/wp\/v2\/types\/product"}],"wp:featuredmedia":[{"embeddable":true,"href":"https:\/\/www.lobodachi.com\/index.php?rest_route=\/wp\/v2\/media\/5944"}],"wp:attachment":[{"href":"https:\/\/www.lobodachi.com\/index.php?rest_route=%2Fwp%2Fv2%2Fmedia&parent=5943"}],"curies":[{"name":"wp","href":"https:\/\/api.w.org\/{rel}","templated":true}]}}