{"id":6034,"date":"2026-05-01T19:12:47","date_gmt":"2026-05-01T19:12:47","guid":{"rendered":"https:\/\/www.lobodachi.com\/?post_type=product&#038;p=6034"},"modified":"2026-05-05T15:35:59","modified_gmt":"2026-05-05T15:35:59","slug":"snorlax-yukidaruma-plush","status":"publish","type":"product","link":"https:\/\/www.lobodachi.com\/?product=snorlax-yukidaruma-plush","title":{"rendered":"Snorlax Yukidaruma Plush"},"content":{"rendered":"<p>Pok\u00e9mon Center<\/p>\n<p>Plush Snorlax Mu\u00f1eco de Nieve<\/p>\n<p>11\u00d78.5\u00d713 cm<\/p>\n<p>94 g<\/p>\n","protected":false},"excerpt":{"rendered":"<p>Pok\u00e9mon Center Plush Snorlax Mu\u00f1eco de Nieve 11\u00d78.5\u00d713 cm 94 g<\/p>\n","protected":false},"featured_media":6040,"template":"","meta":[],"_links":{"self":[{"href":"https:\/\/www.lobodachi.com\/index.php?rest_route=\/wp\/v2\/product\/6034"}],"collection":[{"href":"https:\/\/www.lobodachi.com\/index.php?rest_route=\/wp\/v2\/product"}],"about":[{"href":"https:\/\/www.lobodachi.com\/index.php?rest_route=\/wp\/v2\/types\/product"}],"wp:featuredmedia":[{"embeddable":true,"href":"https:\/\/www.lobodachi.com\/index.php?rest_route=\/wp\/v2\/media\/6040"}],"wp:attachment":[{"href":"https:\/\/www.lobodachi.com\/index.php?rest_route=%2Fwp%2Fv2%2Fmedia&parent=6034"}],"curies":[{"name":"wp","href":"https:\/\/api.w.org\/{rel}","templated":true}]}}