{"id":6045,"date":"2026-05-01T19:42:50","date_gmt":"2026-05-01T19:42:50","guid":{"rendered":"https:\/\/www.lobodachi.com\/?post_type=product&#038;p=6045"},"modified":"2026-05-05T15:36:07","modified_gmt":"2026-05-05T15:36:07","slug":"set-de-botellitas-poke-figuras","status":"publish","type":"product","link":"https:\/\/www.lobodachi.com\/?product=set-de-botellitas-poke-figuras","title":{"rendered":"Set de botellitas Poke Figuras"},"content":{"rendered":"<p>Pok\u00e9mon Center<\/p>\n<p>Set de botellas Pok\u00e9mon Sento<\/p>\n<p>3.7\u00d73.7\u00d76.4 cm<\/p>\n<p>20 g<\/p>\n","protected":false},"excerpt":{"rendered":"<p>Pok\u00e9mon Center Set de botellas Pok\u00e9mon Sento 3.7\u00d73.7\u00d76.4 cm 20 g<\/p>\n","protected":false},"featured_media":6048,"template":"","meta":[],"_links":{"self":[{"href":"https:\/\/www.lobodachi.com\/index.php?rest_route=\/wp\/v2\/product\/6045"}],"collection":[{"href":"https:\/\/www.lobodachi.com\/index.php?rest_route=\/wp\/v2\/product"}],"about":[{"href":"https:\/\/www.lobodachi.com\/index.php?rest_route=\/wp\/v2\/types\/product"}],"wp:featuredmedia":[{"embeddable":true,"href":"https:\/\/www.lobodachi.com\/index.php?rest_route=\/wp\/v2\/media\/6048"}],"wp:attachment":[{"href":"https:\/\/www.lobodachi.com\/index.php?rest_route=%2Fwp%2Fv2%2Fmedia&parent=6045"}],"curies":[{"name":"wp","href":"https:\/\/api.w.org\/{rel}","templated":true}]}}