{"id":6046,"date":"2026-05-01T19:42:50","date_gmt":"2026-05-01T19:42:50","guid":{"rendered":"https:\/\/www.lobodachi.com\/?post_type=product&#038;p=6046"},"modified":"2026-05-05T15:36:05","modified_gmt":"2026-05-05T15:36:05","slug":"ventilador-poliwhirl","status":"publish","type":"product","link":"https:\/\/www.lobodachi.com\/?product=ventilador-poliwhirl","title":{"rendered":"Ventilador Poliwhirl"},"content":{"rendered":"<p>Pok\u00e9mon Center<\/p>\n<p>Ventilador de Escritorio Poliwhirl<\/p>\n<p>20,5\u00d78\u00d714,3 cm<\/p>\n<p>245 g<\/p>\n","protected":false},"excerpt":{"rendered":"<p>Pok\u00e9mon Center Ventilador de Escritorio Poliwhirl 20,5\u00d78\u00d714,3 cm 245 g<\/p>\n","protected":false},"featured_media":6047,"template":"","meta":[],"_links":{"self":[{"href":"https:\/\/www.lobodachi.com\/index.php?rest_route=\/wp\/v2\/product\/6046"}],"collection":[{"href":"https:\/\/www.lobodachi.com\/index.php?rest_route=\/wp\/v2\/product"}],"about":[{"href":"https:\/\/www.lobodachi.com\/index.php?rest_route=\/wp\/v2\/types\/product"}],"wp:featuredmedia":[{"embeddable":true,"href":"https:\/\/www.lobodachi.com\/index.php?rest_route=\/wp\/v2\/media\/6047"}],"wp:attachment":[{"href":"https:\/\/www.lobodachi.com\/index.php?rest_route=%2Fwp%2Fv2%2Fmedia&parent=6046"}],"curies":[{"name":"wp","href":"https:\/\/api.w.org\/{rel}","templated":true}]}}